{"id":8,"date":"2022-11-10T12:26:51","date_gmt":"2022-11-10T11:26:51","guid":{"rendered":"https:\/\/elisebenard.com\/?page_id=8"},"modified":"2026-01-25T18:31:17","modified_gmt":"2026-01-25T17:31:17","slug":"a-propos","status":"publish","type":"page","link":"https:\/\/elisebenard.com\/index.php\/a-propos\/","title":{"rendered":"\u00c0 propos"},"content":{"rendered":"<div class=\"fusion-fullwidth fullwidth-box fusion-builder-row-1 fusion-flex-container has-pattern-background has-mask-background nonhundred-percent-fullwidth non-hundred-percent-height-scrolling\" style=\"--awb-border-radius-top-left:0px;--awb-border-radius-top-right:0px;--awb-border-radius-bottom-right:0px;--awb-border-radius-bottom-left:0px;--awb-padding-right:5%;--awb-padding-left:5%;--awb-margin-top:35px;--awb-flex-wrap:wrap;\" ><div class=\"fusion-builder-row fusion-row fusion-flex-align-items-flex-start fusion-flex-content-wrap\" style=\"max-width:1248px;margin-left: calc(-4% \/ 2 );margin-right: calc(-4% \/ 2 );\"><div class=\"fusion-layout-column fusion_builder_column fusion-builder-column-0 fusion_builder_column_2_5 2_5 fusion-flex-column fusion-flex-align-self-center\" style=\"--awb-padding-top:10px;--awb-padding-right:25px;--awb-padding-left:25px;--awb-bg-size:cover;--awb-width-large:40%;--awb-margin-top-large:0px;--awb-spacing-right-large:4.8%;--awb-margin-bottom-large:20px;--awb-spacing-left-large:4.8%;--awb-width-medium:40%;--awb-order-medium:0;--awb-spacing-right-medium:4.8%;--awb-spacing-left-medium:4.8%;--awb-width-small:100%;--awb-order-small:0;--awb-spacing-right-small:1.92%;--awb-spacing-left-small:1.92%;\"><div class=\"fusion-column-wrapper fusion-column-has-shadow fusion-flex-justify-content-flex-start fusion-content-layout-column\"><div class=\"fusion-image-element \" style=\"--awb-caption-title-font-family:var(--h2_typography-font-family);--awb-caption-title-font-weight:var(--h2_typography-font-weight);--awb-caption-title-font-style:var(--h2_typography-font-style);--awb-caption-title-size:var(--h2_typography-font-size);--awb-caption-title-transform:var(--h2_typography-text-transform);--awb-caption-title-line-height:var(--h2_typography-line-height);--awb-caption-title-letter-spacing:var(--h2_typography-letter-spacing);\"><span class=\" fusion-imageframe imageframe-none imageframe-1 hover-type-none\"><img decoding=\"async\" width=\"852\" height=\"852\" alt=\"\u00e9lise benard\" title=\"\u00e9lise Benard\" src=\"https:\/\/elisebenard.com\/wp-content\/uploads\/2022\/11\/logo_niche3.png\" class=\"img-responsive wp-image-236\" srcset=\"https:\/\/elisebenard.com\/wp-content\/uploads\/2022\/11\/logo_niche3-200x200.png 200w, https:\/\/elisebenard.com\/wp-content\/uploads\/2022\/11\/logo_niche3-400x400.png 400w, https:\/\/elisebenard.com\/wp-content\/uploads\/2022\/11\/logo_niche3-600x600.png 600w, https:\/\/elisebenard.com\/wp-content\/uploads\/2022\/11\/logo_niche3-800x800.png 800w, https:\/\/elisebenard.com\/wp-content\/uploads\/2022\/11\/logo_niche3.png 852w\" sizes=\"(max-width: 640px) 100vw, 400px\" \/><\/span><\/div><div class=\"fusion-separator fusion-full-width-sep\" style=\"align-self: center;margin-left: auto;margin-right: auto;margin-top:30px;width:100%;\"><\/div><div style=\"text-align:center;\"><a class=\"fusion-button button-flat button-medium button-custom fusion-button-default button-1 fusion-button-default-span fusion-button-default-type\" style=\"--button_accent_color:var(--awb-color1);--button_accent_hover_color:var(--awb-color1);--button_border_hover_color:var(--awb-color1);--button_gradient_top_color:var(--awb-color3);--button_gradient_bottom_color:var(--awb-color3);--button_gradient_top_color_hover:var(--awb-color3);--button_gradient_bottom_color_hover:var(--awb-color3);--button_text_transform:uppercase;\" target=\"lightbox\" rel=\"iLightbox\" href=\"https:\/\/elisebenard.com\/wp-content\/uploads\/2026\/01\/benard_elise_cv_web26.pdf\"><span class=\"fusion-button-text awb-button__text awb-button__text--default\">CV<\/span><\/a><\/div><\/div><\/div><div class=\"fusion-layout-column fusion_builder_column fusion-builder-column-1 fusion_builder_column_3_5 3_5 fusion-flex-column\" style=\"--awb-bg-size:cover;--awb-width-large:60%;--awb-margin-top-large:0px;--awb-spacing-right-large:3.2%;--awb-margin-bottom-large:20px;--awb-spacing-left-large:3.2%;--awb-width-medium:60%;--awb-order-medium:0;--awb-spacing-right-medium:3.2%;--awb-spacing-left-medium:3.2%;--awb-width-small:100%;--awb-order-small:0;--awb-spacing-right-small:1.92%;--awb-spacing-left-small:1.92%;\"><div class=\"fusion-column-wrapper fusion-column-has-shadow fusion-flex-justify-content-flex-start fusion-content-layout-column\"><div class=\"fusion-separator fusion-full-width-sep\" style=\"align-self: center;margin-left: auto;margin-right: auto;margin-top:30px;width:100%;\"><\/div><div class=\"fusion-text fusion-text-1\" style=\"--awb-font-size:15px;\"><p>En combinant la pratique de la gravure sur bois, du dessin et de l\u2019installation Elise Benard apporte des r\u00e9ponses \u00e0 la question sans cesse renouvel\u00e9e : quelle forme donner \u00e0 l\u2019exp\u00e9rience du temps?<br \/>\nElle explore les potentialit\u00e9s du bois, trouvant dans cette fibre vivante autant le sujet que le mat\u00e9riau de ses pi\u00e8ces.<br \/>\nLa r\u00e9sistance de la mati\u00e8re et les gestes r\u00e9p\u00e9t\u00e9s n\u00e9cessaires aux \u00e9tapes de reproduction d\u2019une estampe interviennent comme autant de traces, d\u2019empruntes d\u2019une temporalit\u00e9 d\u00e9multipli\u00e9e. L\u2019expression plus instantan\u00e9e du dessin exprime la fragilit\u00e9 et l\u2019\u00e9vanescence du moment. Les dialogues cr\u00e9es par l\u2019agencement d\u2019\u00e9l\u00e9ments manufactur\u00e9s et d\u2019images originales interrogent la place de notre regard et de son perp\u00e9tuel mouvement. L\u2019artiste exploite le potentiel \u00e9vocateur des lieux, des objets de r\u00e9cup\u00e9ration, et compose des formes de synth\u00e8ses ou de pr\u00e9cipit\u00e9s plastiques, avec en contrepoint des bandes sonores ou vid\u00e9o.<br \/>\nC\u2019est ainsi qu\u2019en rebattant des signes visuels primordiaux (environnement naturel et habitat), Elise Benard souligne les diff\u00e9rentes strates, les diff\u00e9rents \u00e9tats de la mati\u00e8re et de son renouvellement. Elle t\u00e9moigne de mani\u00e8re po\u00e9tique de l\u2019\u00e9paisseur quotidienne et subjective du temps, en r\u00e9v\u00e9lant les liens parfois invisibles que celle-ci provoque entre les \u00e9l\u00e9ments, les entit\u00e9s, les g\u00e9n\u00e9rations.<\/p>\n<\/div><\/div><\/div><\/div><\/div>\n","protected":false},"excerpt":{"rendered":"","protected":false},"author":1,"featured_media":0,"parent":0,"menu_order":0,"comment_status":"closed","ping_status":"closed","template":"100-width.php","meta":{"footnotes":""},"class_list":["post-8","page","type-page","status-publish","hentry"],"_links":{"self":[{"href":"https:\/\/elisebenard.com\/index.php\/wp-json\/wp\/v2\/pages\/8","targetHints":{"allow":["GET"]}}],"collection":[{"href":"https:\/\/elisebenard.com\/index.php\/wp-json\/wp\/v2\/pages"}],"about":[{"href":"https:\/\/elisebenard.com\/index.php\/wp-json\/wp\/v2\/types\/page"}],"author":[{"embeddable":true,"href":"https:\/\/elisebenard.com\/index.php\/wp-json\/wp\/v2\/users\/1"}],"replies":[{"embeddable":true,"href":"https:\/\/elisebenard.com\/index.php\/wp-json\/wp\/v2\/comments?post=8"}],"version-history":[{"count":25,"href":"https:\/\/elisebenard.com\/index.php\/wp-json\/wp\/v2\/pages\/8\/revisions"}],"predecessor-version":[{"id":967,"href":"https:\/\/elisebenard.com\/index.php\/wp-json\/wp\/v2\/pages\/8\/revisions\/967"}],"wp:attachment":[{"href":"https:\/\/elisebenard.com\/index.php\/wp-json\/wp\/v2\/media?parent=8"}],"curies":[{"name":"wp","href":"https:\/\/api.w.org\/{rel}","templated":true}]}}